5/60 - m**4/24 + m**3/3 - 2*m**2. What is the remainder when o(-2) is divided by 11?
10
Let b = 97 + -86. Calculate the remainder when b is divided by 11.
0
Let j be 1 - -102 - (-1 - -1). Let d = j - 37. What is the remainder when d is divided by 17?
15
Let g(p) = 16*p**3 - p**2 - p + 2. What is the remainder when 24 is divided by g(1)?
8
What is the remainder when 1 + 1 + 1 + 31 is divided by 9?
7
Suppose 0 = c + 2*c - 12. Suppose -4 = c*q - 28. Calculate the remainder when 1 is divided by (-2 + 9/q)*-2.
0
Let s be 6 - (-3)/(3/(-2)). Let y be (-38)/(-9) + s/(-18). Suppose -y*g - 5*k = -101, 7*k = 4*k + 15. Calculate the remainder when 36 is divided by g.
17
Suppose 0 = -6*v + 2*v. Suppose v = -3*l + 4*s + 89, 18 = l + s - 21. Calculate the remainder when l is divided by 9.
8
Suppose -5*s - 2*s + 77 = 0. Let v be (-28)/(-6) - (-4)/12. Suppose 0 = -4*f, -v*n + 4*f + 83 = -67. Calculate the remainder when n is divided by s.
8
Let g = 18 + -9. What is the remainder when g is divided by 3?
0
Suppose -7*m - 6 = -2*d - 4*m, m = 0. Suppose -s + d*s = 26. Let p = 7 - 2. Calculate the remainder when s is divided by p.
3
Suppose -v = -16 - 9. What is the remainder when 4 + (-69)/(4/(-4)) is divided by v?
23
Suppose 0 = -4*i - 5*y + 29, 2*y + 15 = 5*i + 4*y. Let z be 41 + 2 - (2 - i). Suppose -12 = 5*r - z. What is the remainder when r is divided by 4?
2
Let m(f) = 4*f + 7. What is the remainder when 56 is divided by m(3)?
18
Suppose -2*y = -6*y, 0 = -2*l + y + 6. Suppose 2 = u - q, -5*u + 7 = -q - 15. Calculate the remainder when u is divided by l.
2
Suppose -g + 6*g - 4*z - 78 = 0, 3*g + z - 40 = 0. Calculate the remainder when 41 is divided by g.
13
Suppose -4*k = -2*s + 206, 0 = -2*s + 2*k - 4*k + 212. Calculate the remainder when s is divided by 18.
15
Suppose 0 = q - 4*q. Suppose 5*c + 42 = 2*p + 13, q = 4*c + 20. Suppose p*j + 2*j - 4 = 0. What is the remainder when 2 is divided by j?
0
Let y = -97 - -388. Suppose y + 69 = 5*q. Let k = q - 43. What is the remainder when k is divided by 15?
14
Let v = -12 - -22. Calculate the remainder when 39 is divided by v.
9
Calculate the remainder when 11 is divided by 7 - 3 - 1*-1.
1
Let o = 9 + -9. Suppose o = -y - 4*y + 95. What is the remainder when 55 is divided by y?
17
Suppose -3*u - 1 = -4, -3*u + 12 = 3*m. Suppose m*p = 6 + 3. What is the remainder when 7 is divided by p?
1
Let s(j) = -2*j - 8. What is the remainder when ((-40)/(-32))/(1/8) is divided by s(-7)?
4
Let g(b) = -b**2 + 12*b - 11. Calculate the remainder when 45 is divided by g(9).
13
Let c(g) = g**2 - 8*g + 23. Let o = -19 + 33. What is the remainder when o is divided by c(5)?
6
Let v(k) = -k**2 + k + 25. Let j be v(0). Let i = j + -14. Calculate the remainder when i is divided by 7.
4
Let o = 19 + -42. Let i = 41 + o. What is the remainder when i is divided by 10?
8
Let v(i) be the first derivative of -i**4/2 - 2*i**3/3 + i + 2. Let f be 2/(-3 - (-2)/2). Calculate the remainder when v(f) is divided by 1.
0
Suppose 5*t - 5*c + 7 = -58, 5*c = 3*t + 39. Let b = t + 21. Suppose 52 - 6 = 2*z. What is the remainder when z is divided by b?
7
Let y = 151 - 102. Calculate the remainder when y is divided by 17.
15
Let u be (-4)/18 - 220/(-18). Suppose 2*l - u = l. Calculate the remainder when l is divided by 7.
5
Suppose -8*w + 3*w = -4*m + 31, 2*m - 4*w = 14. What is the remainder when 4/(-14) + (-1184)/(-28) is divided by m?
6
Suppose 0*t = t - 51. Calculate the remainder when t is divided by 21.
9
Suppose -12 = -4*c + 4*x, 0 = -2*c - 2*x + 5*x + 4. Let m(h) = -h**3 + 7*h**2 - 2*h - 4. Calculate the remainder when m(c) is divided by 13.
10
Calculate the remainder when (4/2 + 3)/1 is divided by (-88)/(-33)*6/4.
1
Suppose 2*t - i = -5*i + 272, 2*t + 2*i - 272 = 0. Calculate the remainder when t is divided by 35.
31
Suppose 0 = -11*c + 75 + 35. Calculate the remainder when 59 is divided by c.
9
Suppose 2*a + 4*z - 32 = 0, 7*a - 36 = 4*a - 3*z. What is the remainder when 22 is divided by a?
6
Suppose -t - 4*p + 25 + 1 = 0, 5*t - 4*p - 34 = 0. Let u = t + -6. What is the remainder when 23 is divided by u?
3
What is the remainder when -4*((-15)/6 + 1) is divided by 4?
2
Let i = 1 - -26. Calculate the remainder when i is divided by 16.
11
Let q = -5 - 20. Let f = -35 - q. Let l = -7 - f. Calculate the remainder when 9 is divided by l.
0
What is the remainder when (-3 + 5)/(4/46) is divided by (-4 + -5)*4/(-3)?
11
Suppose -12 = -5*t + 108. What is the remainder when 87 is divided by t?
15
Suppose s = 3*w + 52, 5*s - 340 = w - 108. Calculate the remainder when 181 is divided by s.
43
Suppose 3*y - 22 + 4 = 0. What is the remainder when (-4)/14 + 298/14 is divided by y?
3
Let l = 3 - -3. Let h = l + -4. Suppose 2*d + x - 5 = 0, 4*x = d + 2*d - h. What is the remainder when 4 is divided by d?
0
Suppose 2*u - 22 = -5*d, -3*u + d + 3*d = 13. Let s be 123/u*4/6. Let a = -32 + s. Calculate the remainder when a is divided by 26.
24
Let d(v) be the second derivative of -3*v**3/2 - v**2 - 4*v. What is the remainder when d(-6) is divided by 18?
16
Suppose -13*a + 32 = -5*a. Suppose -u - 4*x - 10 = -67, -x - a = 0. Let l(j) = j**3 - 3*j**2 - 4*j - 5. What is the remainder when u is divided by l(5)?
23
Suppose 2*o + k - 67 = -2*k, -k + 31 = o. Calculate the remainder when o is divided by 7.
5
Let v = -6 + 21. Let g = 24 - -3. Calculate the remainder when g is divided by v.
12
Suppose 0 = -4*m + 14 + 430. Calculate the remainder when m is divided by 28.
27
Let p = 43 - 7. Let x = 6 + p. Calculate the remainder when x is divided by -2*-5*3/2.
12
Suppose -3*k + 5*k - 6 = 0. Let j = 138 + -129. What is the remainder when j is divided by k?
0
Suppose -2*b + 12 = -2*d, -5*b = -d - 5 - 9. Suppose b*c = -43 + 119. Calculate the remainder when c is divided by 20.
18
Let l = -22 + 42. Let s = 25 - l. What is the remainder when 12*(5/3 - 1) is divided by s?
3
Let s be 9/6*(-4)/(-3). Suppose -s*u + 0*u = 0. Suppose u = -l, 0 = -2*v - 4*l + 5 + 11. What is the remainder when 15 is divided by v?
7
Calculate the remainder when (0/2)/(-2) - -47 is divided by (-48)/(-3) + (4 - 4).
15
Let d(m) = -m**3 + 21*m**2 - 19*m - 11. What is the remainder when 17 is divided by d(20)?
8
Suppose -f + 0 + 4 = 0. Suppose i + 8 = f*w, 0 = 4*w - 2*i - 8. Suppose 0 = -v + 11 + w. Calculate the remainder when v is divided by 5.
3
Suppose 0 = -8*p + 422 + 234. Calculate the remainder when p is divided by (-1 + -2)*(-28)/3.
26
Let h be (20/14)/((-5)/(-35)). Suppose -6*y = -h*y + 112. What is the remainder when y is divided by 6?
4
Let a(d) = d + 3. Calculate the remainder when 25 is divided by a(4).
4
Calculate the remainder when 97 is divided by 15 - 17/(85/30).
7
Let s(i) = 23*i**2. What is the remainder when s(-1) is divided by (0 - -13)*(-55)/(-55)?
10
What is the remainder when ((-21)/9 + 3)*3 is divided by (-2)/(-1) + (-1)/1?
0
Suppose 62 = 3*q + 4*m, 6*q - 16 = 5*q + m. Calculate the remainder when 0 - (-52 - (-2 + 1)) is divided by q.
15
Let k(d) be the second derivative of d**3/2 - 7*d**2/2 - 2*d. Calculate the remainder when 13 is divided by k(4).
3
Let l(r) = r**3 + 4*r**2 - 5*r + 4. Let f be l(-5). Suppose -f*p - 39 = 41. What is the remainder when 8 is divided by (-52)/p - 4/(-10)?
2
Let i(h) = -8*h - 41. Let q(t) = 3*t + 14. Let n(v) = -6*i(v) - 17*q(v). Calculate the remainder when n(-7) is divided by 10.
9
Let y(k) = -k**3 + 4*k**2 + 2*k + 1. Suppose -2*d - 5*a + 6 = 0, 0 = -4*d + 2*a - 6*a + 12. What is the remainder when y(d) is divided by 9?
7
Suppose z + 156 = 4*z. Let g = z + -78. Let j = g - -37. Calculate the remainder when 32 is divided by j.
10
Suppose 3 = -5*s - 2. Let y be 20 + (1 - 1/s). Let v = 1 + y. Calculate the remainder when v is divided by 12.
11
Suppose -3*w + 3*g + 11 = -g, -5*w + 4*g + 13 = 0. Calculate the remainder when 13 is divided by -3 + w + (-21)/(-3).
3
Suppose l - 200 = -5*u + 6*l, 0 = -5*u + 4*l + 203. What is the remainder when u is divided by 9?
7
Suppose -1 = 2*i - 35. Calculate the remainder when 33 is divided by i.
16
Calculate the remainder when 28 is divided by (-134)/(-8) + (-21)/28.
12
Let b(d) = 2 + 2 - 5 + d. Let j be b(-9). What is the remainder when 11 is divided by (4/j)/(2/(-30))?
5
Calculate the remainder when 78 is divided by (-2)/(-8